) = q*j(c) + 2*w(c). Let v = -29 - -21. Determine r(v).
10
Suppose 3*t + 6 = 0, 719 - 11214 = -5*n - 5*t. Let o(j) = -25*j + 2102 + 12*j - n - 30*j. Determine o(-1).
44
Let m = 16024 + -16017. Let k(l) = -3*l**2 + 3*l - 12. Determine k(m).
-138
Let k(m) = 0*m + 0*m + 6 + 2*m. Let j(h) = 14*h**2 + 168*h - 5. Let q = 532 - 544. Let o be j(q). What is k(o)?
-4
Let l(m) be the second derivative of m**6/90 - m**5/60 + 17*m**4/4 + 79*m + 2. Let k(c) be the third derivative of l(c). Calculate k(2).
14
Let p be (-34)/14 - 1881/(-4389). Let f(u) be the first derivative of -6*u**2 + 1. Give f(p).
24
Suppose y + 505 = -13*y + 603. Let j(n) = 2*n - 11. Determine j(y).
3
Let a(q) = 21*q - 187. Let u(c) = 18*c - 187. Let b(s) = 4*a(s) - 5*u(s). Calculate b(32).
-5
Suppose -75*d = -74*d - 7. Let q(g) = 4*g - 4*g**2 - 1 - d*g + 3*g + 2*g. Determine q(1).
-3
Let f be ((-10)/(-4))/(0 + (-4)/(-64)). Let l = 44 - f. Suppose -21 + 5 = l*r. Let i(d) = d. Calculate i(r).
-4
Let m(i) = -3*i**3 + 6*i**2 + i - 9. Let f = -543 + 547. Determine m(f).
-101
Let p(k) = k**3 + 4*k**2 + 4*k + 2. Let w be p(-3). Let a(h) be the first derivative of -11*h**3/3 + h**2 + h - 400. Determine a(w).
-12
Let r(x) be the second derivative of x**6/120 + x**4/24 + 7*x**3/3 - 43*x**2/2 + 2*x + 4. Let v(m) be the first derivative of r(m). Determine v(0).
14
Let j(t) = 3*t - 1. Suppose f + 293 - 586 = 0. Let q = f + -297. What is j(q)?
-13
Let w(q) = q**3 + 4*q**2 + q - 4. Let z(x) = x**2 + 23*x + 46. Let b be z(-21). Suppose 5 = t, b = -a + 5*a + 4*t. Determine w(a).
-8
Let v be ((4 - 2/2) + -5)*2. Let d(f) = -5*f**3 - 19*f**2 + 3*f - 11. Let i be d(v). Let l(w) = -3*w + 4. What is l(i)?
25
Let w be (34 - 32)*1*27/(-12) - -5. Let h(p) be the second derivative of -w*p**3 + 1/12*p**4 + 11*p + 1/2*p**2 + 0. Give h(2).
-1
Let u be (1/(-1))/((-5)/5). Suppose -4*z + u = -7. Let d(k) = 608*k**3 - 13*k**z - 6*k + 5*k**2 - 609*k**3. Determine d(-7).
-7
Let u(f) = f**3 + f**2 + f + 5. Let d be u(0). Suppose 0*z + 12 = 2*z. Let i(r) = 12 + 11 + 5*r - r**2 + z - 34. Give i(d).
-5
Suppose 149*m = -y + 152*m + 9, 5*m = 3*y - 19. Let n(j) = 24*j - 9. Calculate n(y).
63
Let c be (1 - -1) + (-2 - -4). Suppose -c*s = 9 - 1. Let g(l) be the third derivative of -l**5/20 + l**4/8 + l**3/2 - 2*l**2 + 17*l. Calculate g(s).
-15
Let k(l) = 9*l + 91. Let t(s) = 28*s + 298. Let n(x) = -13*k(x) + 4*t(x). Calculate n(-4).
29
Let c(g) = g**2 + 7*g - 1. Let x be c(-6). Let o(t) = -t - 3. Let j(r) = 3*r - 4. Let y(l) = -j(l) - 2*o(l). What is y(x)?
17
Let g(q) = 1 - 82269*q + 11 + 82268*q. Determine g(8).
4
Let u(w) = -w**2 - 7*w - 2. Let q(k) = 10*k + 13*k - 31 - 35*k + 15*k. Let x be q(8). Calculate u(x).
-2
Let q(v) be the third derivative of v**5/60 - 5*v**4/24 + 5*v**3/6 - 51*v**2 - 6*v. Let n(p) = p**2 - 5*p + 11. Let r be n(3). Determine q(r).
5
Suppose 12 + 2 = 3*t + h, 10 = 4*t - 3*h. Suppose -t*d - 3 = -y, 4*d = -5*y + 8*d - 33. Let c(l) = l + 4. Calculate c(y).
-5
Suppose -4*l = -2*r + 10, -5*l + 3*l + 1 = -3*r. Let s(m) be the first derivative of -3*m**2 - 37 - 1/3*m**3 - 4*m. Determine s(l).
4
Let x = 63 + -58. Let s be (-10)/(100/30) + 0 + x. Let z(b) = -2*b**3 - 3*b**2 + 2*b - 2. Calculate z(s).
-26
Suppose 99*r = 4*n + 102*r + 14, 7*r - 50 = n. Let c(h) = -2*h + 7. Calculate c(n).
23
Let j(z) = 9*z**2 + 289*z + 2. Let h(r) = 25*r**2 + 795*r + 7. Let f(a) = -4*h(a) + 11*j(a). Let w = 3 + -3. Give f(w).
-6
Suppose -7*k + 5 = -9. Suppose -k*s + 12 = 2*s. Suppose s*c + 1 = 5*w, -3*w + 2*w = -4*c - 7. Let o(p) = 3*p**3 + 2*p**2. Calculate o(c).
-16
Suppose -3*k = -2*j + 12, -2*k - 2*k - 2*j = 30. Suppose -6*x + 1300 - 1288 = 0. Let t(f) = f**x - 6 + 5*f - 6 + 15 + 2*f. Give t(k).
-3
Suppose -1347 = -26*n - 1269. Suppose -4*k + 9 = -k. Let t(g) = -4*g + g**3 - 3 - 1 + k - 2*g**2. What is t(n)?
-4
Let v(m) = -m**2 - 17*m - 34. Let f be v(-14). Suppose f*z = 103 - 143. Let g(a) = a**3 + 5*a**2 + a - 2. Determine g(z).
-7
Suppose 1 - 145 = -12*b. Let c(r) be the second derivative of -r**3/3 + 23*r**2/2 + 6*r - 1. Calculate c(b).
-1
Let c(w) = 43*w + 647. Let i(l) = -2*l - 25. Let z(s) = c(s) + 16*i(s). Calculate z(-23).
-6
Let j(o) = -o**2 + 6*o + 5. Suppose 0 = t - 1, 2*t - 84 = 2*w - 0*t. Let s = w - -40. Let z be s - -10 - (4 - 1). Give j(z).
5
Let z(m) = -m**2 - 7*m - 8. Let g = 65 + -69. Let v be (1 - g) + -8 - -5. Suppose 0*p - 3*p = 4*s + 30, -v*s - 3*p - 18 = 0. What is z(s)?
-2
Let b(u) = 11*u + 1. Let o be -2 - 94 - (1 - 1). Let i = o - -98. Suppose 4*d - 5*v = 6, 6 = -i*d - 3*v - 2. What is b(d)?
-10
Let i(m) = -2*m**2 - 6*m + 4. Let d be i(-5). Let p = -23 - d. Let r(u) be the third derivative of u**5/60 + 7*u**4/24 - 5*u**3/6 - 520*u**2. Calculate r(p).
-5
Let k(b) be the first derivative of b**4/4 + 8*b**3/3 + 15*b**2/2 + 12*b + 3674. What is k(-4)?
16
Suppose -20 = 4*m, 91*g - 2*m = 96*g - 40. Let i(b) = b - 1. What is i(g)?
9
Suppose -3*g - 5*v = -0*g - 36, 5*v - 50 = -5*g. Let t(f) = f**3 + f**2 + f - 6. Let k be t(2). Let u(n) = -1 + 2*n - k*n**2 - 4*n + n**3 + 7*n. What is u(g)?
-15
Let a be (2 - (5 - 6))*(-5)/(-3). Suppose a*v + 10 = 5*w, 2*w + 4 = 5*w - v. Let r(b) = 28*b - 19*b - b**2 + w - 11. Determine r(7).
4
Let b(g) = -42*g**3 - g**2 + 3*g + 4. Let j = -413 - -412. Determine b(j).
42
Let f(a) be the third derivative of -3*a**4/4 - a**3/3 + 911*a**2. Determine f(2).
-38
Let u(g) = -g**3 - g**2. Let d be u(-1). Suppose 5*z - 28 - 12 = d. Let r(n) = -n + 6. What is r(z)?
-2
Let b(w) = w**3 - w**2. Let n(s) = -7*s**3 + 12*s**2 + 6*s - 5. Let u be -2 - 0 - 1 - -4. Let f(z) = u*n(z) + 6*b(z). Determine f(7).
-12
Suppose 5*x - 51 = 29. Let z(y) = -3*y - 33 + 22*y + 395*y**2 - 136*y**2 - 123*y**2 - 137*y**2. Calculate z(x).
15
Let b(m) = -2*m**2 - 8*m - 11. Let d = -6103 - -6095. Give b(d).
-75
Let z be (-30)/(-12)*44/(-55) - 7. Let v(y) = 11*y + 21. Calculate v(z).
-78
Let t(a) = 42*a**2 - 80*a**2 + 37*a**2 + 2*a. Let m(y) = -6*y**2 + 11*y + 5. Let s(v) = -m(v) + 5*t(v). Calculate s(0).
-5
Let b(s) = -55*s**2 + 14*s + 97. Let h(o) = -128*o**2 + 30*o + 195. Let k(w) = 7*b(w) - 3*h(w). What is k(-7)?
-11
Let a(o) = -3*o**2 + o + 3. Let v(b) = -2*b - 56. Let d be v(-25). Let t be ((-28)/(-8) + -4)/(1/d). Give a(t).
-21
Let v be (0 - -4)/(2/4). Let f(m) be the first derivative of -33*m - 2*m**2 + 17*m - 3*m**2 + 17*m - v. Calculate f(1).
-9
Let p(h) = -h**3 + 21 - 29 - 27 + 68*h + 19*h**2. Let y be p(22). Let a(u) = -u**2 + 8*u + 3. Give a(y).
-6
Let c(j) = -658*j + 3295. Let x be c(5). Let d(u) be the first derivative of 3*u**2 + 6*u + 1. Determine d(x).
36
Suppose -70*p + 65*p + 14 = -2*v, -23 = -v - 5*p. Let y(l) = 14*l + 29. Let z(w) = 7 - 6 + 9 + 5*w. Let a(j) = v*y(j) - 8*z(j). What is a(-6)?
-5
Let q(m) = 2*m. Let i(k) be the first derivative of 2*k**3/3 - 13*k**2/2 + k + 10. Let z(d) = -i(d) - 5*q(d). Give z(3).
-10
Suppose 0 = -5*g + 7 + 8. Let v(q) = -16*q - 7. Let z be v(-8). Let d(c) = z - 121 + c. Determine d(g).
3
Let n(o) = -5*o + 9*o - 7 + 9. Let g = -5 + 1. Determine n(g).
-14
Let l = -1 + 7. Let p = 584 + -325. Let t(m) = p*m - 125*m - 133*m - 7. Determine t(l).
-1
Suppose 2*s + 2*s - 256 = 2*v, -v + 67 = s. Let u be (-39)/s - 96/15. Let i(h) = -h**2 - 4*h - 4. Give i(u).
-25
Suppose 0 = -4*r - 5*k - 1, r - k = k - 10. Let n be 7/((-48)/(-8) - 5). Let f(b) = 1 - 2 - n*b + 13*b - 5*b + 0*b. Calculate f(r).
-5
Let m(n) = -n**2 + 1 - 2 + 7*n + 2*n. Let g(l) = -3*l - 25. Suppose -24*c = -13*c + 121. Let w be g(c). Give m(w).
7
Let z(b) be the third derivative of b**6/120 + 7*b**5/60 - b**4/12 - 7*b**3/6 + b**2. Suppose 178*q + 3*c = 179*q + 37, 5*q + 3*c = -5. Calculate z(q).
7
Let c(r) = r**3 - 5*r**2 + r + 4. Suppose 4 = 98*v - 97*v. Suppose -4*a + 5*z + 34 = 0, v*a = -0*a - 3*z + 50. Let l be ((-1)/3)/(a/(-165)). Determine c(l).
9
Let c(j) = 45 - 7*j - 42 + 123 - 15*j. What is c(6)?
-6
Let p(w) = -w**3 - 4*w**2 + 17*w + 1. Suppose -19*r + 39 = -9*o - 22*r, -o = -r + 11. Give p(o).
-29
Let v(s) = -6*s + s**3 + 9 + 16*s - 27 + 21*s - 33*s**2 + 49. Determine v(32).
-1
Let u(w) = -29*w**2 - 29*w**2 - 2796*w + 2836*w + 333 + 59*w**2. Calculate u(-12).
-3
Let x(m) = -m**2 + 77*m + 131*m - 467*m + 137*m - 7 + 130*m - 3. Suppose 7 = f - 0*f. What is x(f)?
-3
Let g(i) = -8*i - 70. Let x